{"id":32,"date":"2024-05-23T08:23:13","date_gmt":"2024-05-23T08:23:13","guid":{"rendered":"https:\/\/example.com\/?p=24"},"modified":"2024-05-23T08:23:13","modified_gmt":"2024-05-23T08:23:13","slug":"bygg-og-entrepriserett","status":"publish","type":"page","link":"https:\/\/wp-demo.nxtl.ai\/?page_id=32","title":{"rendered":"Bygg- og entrepriserett"},"content":{"rendered":"<p>Vi bist\u00e5r entrepren\u00f8rer, arkitekter, byggherrer og konsulenter med r\u00e5dgivning, analyser og oppf\u00f8lging av kontrakter samt forholdet til det offentlige Vi kan blant annet tilby:<\/p>\n<ul>\n<li>R\u00e5dgivning mht. valg av kontraktsform\n<\/li>\n<li>Analyse av kontraktsforslag\n<\/li>\n<li>Deltagelse i kontraktsforhandlinger\n<\/li>\n<li>Kontraktsoppf\u00f8lgning\n<\/li>\n<li>Utforming av individuelle kontrakter eller tilpasning av standardkontrakter\n<\/li>\n<li>Bistand ved kontraktstvister, forhandlinger og eventuell prosedyre for voldgiftsrett eller vanlige domstoler\n<\/li>\n<li>Forhandlinger med og r\u00e5dgivning i forhold til det offentlige\n<\/li>\n<\/ul>\n","protected":false},"excerpt":{"rendered":"<p>Vi bist\u00e5r entrepren\u00f8rer, arkitekter, byggherrer og konsulenter med r\u00e5dgivning, analyser og oppf\u00f8lging av kontrakter samt forholdet til det offentlige Vi kan blant annet tilby: R\u00e5dgivning mht. valg av kontraktsform Analyse av kontraktsforslag Deltagelse i kontraktsforhandlinger Kontraktsoppf\u00f8lgning Utforming av individuelle kontrakter eller tilpasning av standardkontrakter Bistand ved kontraktstvister, forhandlinger og eventuell prosedyre for voldgiftsrett eller vanlige [&hellip;]<\/p>\n","protected":false},"author":1,"featured_media":0,"parent":27,"menu_order":0,"comment_status":"closed","ping_status":"closed","template":"","meta":{"nxtl-matrix":false,"footnotes":""},"class_list":["post-32","page","type-page","status-publish","hentry"],"_links":{"self":[{"href":"https:\/\/wp-demo.nxtl.ai\/index.php?rest_route=\/wp\/v2\/pages\/32","targetHints":{"allow":["GET"]}}],"collection":[{"href":"https:\/\/wp-demo.nxtl.ai\/index.php?rest_route=\/wp\/v2\/pages"}],"about":[{"href":"https:\/\/wp-demo.nxtl.ai\/index.php?rest_route=\/wp\/v2\/types\/page"}],"author":[{"embeddable":true,"href":"https:\/\/wp-demo.nxtl.ai\/index.php?rest_route=\/wp\/v2\/users\/1"}],"replies":[{"embeddable":true,"href":"https:\/\/wp-demo.nxtl.ai\/index.php?rest_route=%2Fwp%2Fv2%2Fcomments&post=32"}],"version-history":[{"count":0,"href":"https:\/\/wp-demo.nxtl.ai\/index.php?rest_route=\/wp\/v2\/pages\/32\/revisions"}],"up":[{"embeddable":true,"href":"https:\/\/wp-demo.nxtl.ai\/index.php?rest_route=\/wp\/v2\/pages\/27"}],"wp:attachment":[{"href":"https:\/\/wp-demo.nxtl.ai\/index.php?rest_route=%2Fwp%2Fv2%2Fmedia&parent=32"}],"curies":[{"name":"wp","href":"https:\/\/api.w.org\/{rel}","templated":true}]}}